{"id":1158,"date":"2023-10-10T17:59:29","date_gmt":"2023-10-10T17:59:29","guid":{"rendered":"https:\/\/nossos.app\/?page_id=1158"},"modified":"2026-02-18T16:39:26","modified_gmt":"2026-02-18T16:39:26","slug":"termos-e-condicoes","status":"publish","type":"page","link":"https:\/\/helenalopes.com.br\/loja\/termos-e-condicoes\/","title":{"rendered":"Termos e Condi\u00e7\u00f5es"},"content":{"rendered":"\t\t<div data-elementor-type=\"wp-page\" data-elementor-id=\"1158\" class=\"elementor elementor-1158\">\n\t\t\t\t\t\t<section class=\"elementor-section elementor-top-section elementor-element elementor-element-a7d545f elementor-section-full_width elementor-section-height-default elementor-section-height-default elementor-invisible\" data-id=\"a7d545f\" data-element_type=\"section\" data-e-type=\"section\" data-settings=\"{&quot;animation&quot;:&quot;fadeIn&quot;}\">\n\t\t\t\t\t\t<div class=\"elementor-container elementor-column-gap-no\">\n\t\t\t\t\t<div class=\"elementor-column elementor-col-100 elementor-top-column elementor-element elementor-element-ca46217\" data-id=\"ca46217\" data-element_type=\"column\" data-e-type=\"column\">\n\t\t\t<div class=\"elementor-widget-wrap elementor-element-populated\">\n\t\t\t\t\t\t<div class=\"elementor-element elementor-element-0f17f2c cms-eptitle-overlay-1 elementor-widget elementor-widget-cms_page_title\" data-id=\"0f17f2c\" data-element_type=\"widget\" data-e-type=\"widget\" data-widget_type=\"cms_page_title.default\">\n\t\t\t\t<div class=\"elementor-widget-container\">\n\t\t\t\t\t<div class=\"cms-eptitle-overlay cms-overlay\" style=\"background-image:url('https:\/\/helenalopes.com.br\/loja\/wp-content\/uploads\/2024\/03\/termos.de_.servicos.webp');background-size: cover;\"><\/div>\n<div class=\"cms-eptitle cms-eptitle-2 relative z-top text-start\">\n\t<div class=\"ocultar-em-mobile cms-content container text-start d-flex justify-content-start\">\n\t\t<div class=\"cms--content d-flex justify-content-center\">\n\t\t\t\t\t\t<div class=\"cms-desc pt-20 w-100 text-17 font-700 text-white empty-none\"><\/div>\n\t\t\t<div class=\"d-flex gap empty-none pt-30 pb-15 w-100 justify-content-center\" style=\"--cms-gap:30px;--cms-gap-tablet:30px;--cms-gap-mobile:20px;\"><\/div>\n\t\t<\/div>\n\t<\/div>\n\t<ul class=\"cms-breadcrumb unstyled text-white justify-content-center\"><li><span class=\"breadcrumb-entry\" >home LP<\/span><\/li><\/ul><\/div>\t\t\t\t<\/div>\n\t\t\t\t<\/div>\n\t\t\t\t\t<\/div>\n\t\t<\/div>\n\t\t\t\t\t<\/div>\n\t\t<\/section>\n\t\t\t\t<section class=\"elementor-section elementor-top-section elementor-element elementor-element-817dbdd pt-70 pb-90 pt-tablet-20 pb-tablet-40 elementor-section-boxed elementor-section-height-default elementor-section-height-default\" data-id=\"817dbdd\" data-element_type=\"section\" data-e-type=\"section\">\n\t\t\t\t\t\t<div class=\"elementor-container elementor-column-gap-default\">\n\t\t\t\t\t<div class=\"elementor-column elementor-col-100 elementor-top-column elementor-element elementor-element-3a192ae\" data-id=\"3a192ae\" data-element_type=\"column\" data-e-type=\"column\">\n\t\t\t<div class=\"elementor-widget-wrap elementor-element-populated\">\n\t\t\t\t\t\t<div class=\"elementor-element elementor-element-4add6ab elementor-widget elementor-widget-heading\" data-id=\"4add6ab\" data-element_type=\"widget\" data-e-type=\"widget\" data-widget_type=\"heading.default\">\n\t\t\t\t<div class=\"elementor-widget-container\">\n\t\t\t\t\t<h1 class=\"elementor-heading-title elementor-size-default\">Termos de Uso da Plataforma Nossos.app<\/h1>\t\t\t\t<\/div>\n\t\t\t\t<\/div>\n\t\t\t\t<div class=\"elementor-element elementor-element-438ee3f pt-25 pt-tablet-0 elementor-invisible elementor-widget elementor-widget-cms_accordion\" data-id=\"438ee3f\" data-element_type=\"widget\" data-e-type=\"widget\" data-settings=\"{&quot;_animation&quot;:&quot;fadeInUp&quot;}\" data-widget_type=\"cms_accordion.default\">\n\t\t\t\t<div class=\"elementor-widget-container\">\n\t\t\t\t\t<h3 class=\"cms-heading empty-none text- pb-15\"><\/h3>\n<div class=\"cms-desc text-17 pb-30 empty-none text-body\">Ao utilizar a plataforma Nossos.app, incluindo este site e seus subdom\u00ednios, dedicada a fornecer solu\u00e7\u00f5es inovadoras como softwares jur\u00eddicos e aplicativos para advogados, voc\u00ea reconhece e concorda em seguir os Termos de Uso detalhados abaixo. Esta documenta\u00e7\u00e3o \u00e9 essencial para garantir uma experi\u00eancia segura, eficiente e produtiva para todos os usu\u00e1rios. Antes de prosseguir, dedique um momento para revisar cuidadosamente as diretrizes a seguir.<\/div>\n<div class=\"cms-accordion cms-accordion-2\">\n\t\t\t<div class=\"cms-accordion-item active\">\n\t\t    <div class=\"cms-accordion-title active d-flex gap-30 gap-smobile-10 lh-1375\" data-target=\"#1751a47cms_accordion-438ee3f\">\n\t\t    \t<span class=\"cms-acc-icon rtl-flip\"><\/span>\n\t\t    \t<span class=\"cms-accordion-title-text flex-basic text-heading text-hover-secondary-regular text-active-secondary-regular text-21 heading font-500\">Aceita\u00e7\u00e3o dos Termos de Uso<\/span>\n\t\t    <\/div>\n\t\t    <div id=\"1751a47cms_accordion-438ee3f\" class=\"cms-accordion-content text-body pl-50 pl-smobile-0\" style=\"display:block;\">\n\t\t\t\tAo acessar ou utilizar nossa plataforma Nossos.app, voc\u00ea se compromete a aderir e estar vinculado a estes Termos de Uso. Se, por qualquer raz\u00e3o, voc\u00ea n\u00e3o concorda com estes termos, pedimos gentilmente que se abstenha de usar a Plataforma. Estes termos s\u00e3o cruciais para a seguran\u00e7a e integridade de nossa comunidade, incluindo desenvolvedores de softwares jur\u00eddicos e profissionais da \u00e1rea legal, como advogados, que buscam inova\u00e7\u00e3o e efici\u00eancia em seu trabalho di\u00e1rio.\t\t\t<\/div>\n\t\t<\/div>\n\t\t\t<div class=\"cms-accordion-item \">\n\t\t    <div class=\"cms-accordion-title  d-flex gap-30 gap-smobile-10 lh-1375\" data-target=\"#8d2d76ccms_accordion-438ee3f\">\n\t\t    \t<span class=\"cms-acc-icon rtl-flip\"><\/span>\n\t\t    \t<span class=\"cms-accordion-title-text flex-basic text-heading text-hover-secondary-regular text-active-secondary-regular text-21 heading font-500\">Altera\u00e7\u00f5es nos Termos de Uso<\/span>\n\t\t    <\/div>\n\t\t    <div id=\"8d2d76ccms_accordion-438ee3f\" class=\"cms-accordion-content text-body pl-50 pl-smobile-0\" style=\"display:none;\">\n\t\t\t\tEstamos comprometidos em manter nossa plataforma atualizada e relevante para as necessidades de nossos usu\u00e1rios. Por isso, reservamo-nos o direito de modificar ou atualizar estes Termos de Uso a qualquer momento, sem aviso pr\u00e9vio. A data da \u00faltima atualiza\u00e7\u00e3o sempre ser\u00e1 claramente exibida, permitindo que voc\u00ea esteja sempre informado sobre as mais recentes diretrizes. Encorajamos uma revis\u00e3o peri\u00f3dica destes termos para garantir sua conformidade cont\u00ednua.\t\t\t<\/div>\n\t\t<\/div>\n\t\t\t<div class=\"cms-accordion-item \">\n\t\t    <div class=\"cms-accordion-title  d-flex gap-30 gap-smobile-10 lh-1375\" data-target=\"#8b28cb9cms_accordion-438ee3f\">\n\t\t    \t<span class=\"cms-acc-icon rtl-flip\"><\/span>\n\t\t    \t<span class=\"cms-accordion-title-text flex-basic text-heading text-hover-secondary-regular text-active-secondary-regular text-21 heading font-500\">Uso Adequado da Plataforma<\/span>\n\t\t    <\/div>\n\t\t    <div id=\"8b28cb9cms_accordion-438ee3f\" class=\"cms-accordion-content text-body pl-50 pl-smobile-0\" style=\"display:none;\">\n\t\t\t\tNossos.app \u00e9 projetada para promover a efici\u00eancia e a inova\u00e7\u00e3o no meio jur\u00eddico, oferecendo solu\u00e7\u00f5es como aplicativos para advogados e softwares jur\u00eddicos. Espera-se que todos os usu\u00e1rios utilizem a plataforma de maneira respons\u00e1vel, legal e que n\u00e3o comprometa a usabilidade e acessibilidade para outros. Isso inclui abster-se de pr\u00e1ticas prejudiciais como o envio de spam, que poder\u00e1 resultar em suspens\u00e3o ou proibi\u00e7\u00e3o da plataforma.\t\t\t<\/div>\n\t\t<\/div>\n\t\t\t<div class=\"cms-accordion-item \">\n\t\t    <div class=\"cms-accordion-title  d-flex gap-30 gap-smobile-10 lh-1375\" data-target=\"#2edb4a1cms_accordion-438ee3f\">\n\t\t    \t<span class=\"cms-acc-icon rtl-flip\"><\/span>\n\t\t    \t<span class=\"cms-accordion-title-text flex-basic text-heading text-hover-secondary-regular text-active-secondary-regular text-21 heading font-500\">Coleta e Uso de Dados Pessoais<\/span>\n\t\t    <\/div>\n\t\t    <div id=\"2edb4a1cms_accordion-438ee3f\" class=\"cms-accordion-content text-body pl-50 pl-smobile-0\" style=\"display:none;\">\n\t\t\t\tA privacidade e a seguran\u00e7a dos dados pessoais s\u00e3o de suma import\u00e2ncia em Nossos.app. Nossa coleta e uso de informa\u00e7\u00f5es seguem rigorosamente nossa Declara\u00e7\u00e3o de Privacidade, dispon\u00edvel atrav\u00e9s de um link direto em nossa plataforma. Ao utilizar nossos servi\u00e7os, voc\u00ea consente com a coleta e uso de dados conforme nossa pol\u00edtica, que \u00e9 projetada para proteger suas informa\u00e7\u00f5es e garantir a m\u00e1xima confidencialidade.\t\t\t<\/div>\n\t\t<\/div>\n\t\t\t<div class=\"cms-accordion-item \">\n\t\t    <div class=\"cms-accordion-title  d-flex gap-30 gap-smobile-10 lh-1375\" data-target=\"#30af2a0cms_accordion-438ee3f\">\n\t\t    \t<span class=\"cms-acc-icon rtl-flip\"><\/span>\n\t\t    \t<span class=\"cms-accordion-title-text flex-basic text-heading text-hover-secondary-regular text-active-secondary-regular text-21 heading font-500\">Servi\u00e7os de An\u00e1lise de Terceiros<\/span>\n\t\t    <\/div>\n\t\t    <div id=\"30af2a0cms_accordion-438ee3f\" class=\"cms-accordion-content text-body pl-50 pl-smobile-0\" style=\"display:none;\">\n\t\t\t\tPara continuarmos melhorando e otimizando Nossos.app, utilizamos servi\u00e7os de an\u00e1lise de terceiros, como o Google Analytics, para compreender melhor como nossa plataforma \u00e9 utilizada. Essas an\u00e1lises, conduzidas com total respeito \u00e0 nossa Declara\u00e7\u00e3o de Privacidade, s\u00e3o vitais para o desenvolvimento cont\u00ednuo de solu\u00e7\u00f5es eficazes e inovadoras no campo jur\u00eddico.\t\t\t<\/div>\n\t\t<\/div>\n\t\t\t<div class=\"cms-accordion-item \">\n\t\t    <div class=\"cms-accordion-title  d-flex gap-30 gap-smobile-10 lh-1375\" data-target=\"#13a5124cms_accordion-438ee3f\">\n\t\t    \t<span class=\"cms-acc-icon rtl-flip\"><\/span>\n\t\t    \t<span class=\"cms-accordion-title-text flex-basic text-heading text-hover-secondary-regular text-active-secondary-regular text-21 heading font-500\">Cookies e Tecnologias de Rastreamento<\/span>\n\t\t    <\/div>\n\t\t    <div id=\"13a5124cms_accordion-438ee3f\" class=\"cms-accordion-content text-body pl-50 pl-smobile-0\" style=\"display:none;\">\n\t\t\t\tNossos.app emprega cookies e tecnologias similares para aprimorar sua experi\u00eancia na plataforma. Essas tecnologias s\u00e3o utilizadas de acordo com as configura\u00e7\u00f5es do seu navegador e nossa pol\u00edtica de privacidade, facilitando um acesso mais r\u00e1pido e personalizado \u00e0s nossas ferramentas e recursos.\t\t\t<\/div>\n\t\t<\/div>\n\t\t\t<div class=\"cms-accordion-item \">\n\t\t    <div class=\"cms-accordion-title  d-flex gap-30 gap-smobile-10 lh-1375\" data-target=\"#4869e8dcms_accordion-438ee3f\">\n\t\t    \t<span class=\"cms-acc-icon rtl-flip\"><\/span>\n\t\t    \t<span class=\"cms-accordion-title-text flex-basic text-heading text-hover-secondary-regular text-active-secondary-regular text-21 heading font-500\">Propriedade Intelectual<\/span>\n\t\t    <\/div>\n\t\t    <div id=\"4869e8dcms_accordion-438ee3f\" class=\"cms-accordion-content text-body pl-50 pl-smobile-0\" style=\"display:none;\">\n\t\t\t\tO conte\u00fado disponibilizado em Nossos.app, seja visual ou textual, \u00e9 protegido por leis de propriedade intelectual. Este conte\u00fado inclui, mas n\u00e3o se limita a, solu\u00e7\u00f5es inovadoras como softwares jur\u00eddicos e aplicativos para advogados, sendo exclusiva propriedade da Nossos.app ou de seus licenciadores. Respeitar esses direitos \u00e9 essencial para o fomento da inova\u00e7\u00e3o e do desenvolvimento cont\u00ednuo em nosso campo.\t\t\t<\/div>\n\t\t<\/div>\n\t\t\t<div class=\"cms-accordion-item \">\n\t\t    <div class=\"cms-accordion-title  d-flex gap-30 gap-smobile-10 lh-1375\" data-target=\"#a53cc1fcms_accordion-438ee3f\">\n\t\t    \t<span class=\"cms-acc-icon rtl-flip\"><\/span>\n\t\t    \t<span class=\"cms-accordion-title-text flex-basic text-heading text-hover-secondary-regular text-active-secondary-regular text-21 heading font-500\">Contato<\/span>\n\t\t    <\/div>\n\t\t    <div id=\"a53cc1fcms_accordion-438ee3f\" class=\"cms-accordion-content text-body pl-50 pl-smobile-0\" style=\"display:none;\">\n\t\t\t\tPara quaisquer d\u00favidas ou preocupa\u00e7\u00f5es relacionadas a estes Termos de Uso ou a qualquer aspecto de nossos servi\u00e7os, por favor, n\u00e3o hesite em entrar em contato conosco atrav\u00e9s do www.nossos.app. Estamos sempre dispon\u00edveis para oferecer\t\t\t<\/div>\n\t\t<\/div>\n\t<\/div>\t\t\t\t<\/div>\n\t\t\t\t<\/div>\n\t\t\t\t\t<\/div>\n\t\t<\/div>\n\t\t\t\t\t<\/div>\n\t\t<\/section>\n\t\t\t\t<\/div>\n\t\t","protected":false},"excerpt":{"rendered":"<p>Termos de Uso da Plataforma Nossos.app Ao utilizar a plataforma Nossos.app, incluindo este site e seus subdom\u00ednios, dedicada a fornecer solu\u00e7\u00f5es inovadoras como softwares jur\u00eddicos e aplicativos para advogados, voc\u00ea reconhece e concorda em seguir os Termos de Uso detalhados abaixo. Esta documenta\u00e7\u00e3o \u00e9 essencial para garantir uma experi\u00eancia segura, eficiente e produtiva para todos [&hellip;]<\/p>\n","protected":false},"author":1,"featured_media":0,"parent":0,"menu_order":0,"comment_status":"closed","ping_status":"closed","template":"","meta":{"footnotes":""},"class_list":["post-1158","page","type-page","status-publish","hentry"],"_links":{"self":[{"href":"https:\/\/helenalopes.com.br\/loja\/wp-json\/wp\/v2\/pages\/1158","targetHints":{"allow":["GET"]}}],"collection":[{"href":"https:\/\/helenalopes.com.br\/loja\/wp-json\/wp\/v2\/pages"}],"about":[{"href":"https:\/\/helenalopes.com.br\/loja\/wp-json\/wp\/v2\/types\/page"}],"author":[{"embeddable":true,"href":"https:\/\/helenalopes.com.br\/loja\/wp-json\/wp\/v2\/users\/1"}],"replies":[{"embeddable":true,"href":"https:\/\/helenalopes.com.br\/loja\/wp-json\/wp\/v2\/comments?post=1158"}],"version-history":[{"count":26,"href":"https:\/\/helenalopes.com.br\/loja\/wp-json\/wp\/v2\/pages\/1158\/revisions"}],"predecessor-version":[{"id":7497,"href":"https:\/\/helenalopes.com.br\/loja\/wp-json\/wp\/v2\/pages\/1158\/revisions\/7497"}],"wp:attachment":[{"href":"https:\/\/helenalopes.com.br\/loja\/wp-json\/wp\/v2\/media?parent=1158"}],"curies":[{"name":"wp","href":"https:\/\/api.w.org\/{rel}","templated":true}]}}